 -41 - ((-45 - -23) + 82) - (20 - 1)?
-120
What is the value of 7 - 64 - (3 + -1 - 0 - (16 - 8))?
-51
-7 - 13 - (-50 + -9 + -21)
60
(1 - -1) + -1 + 28 - (36 + -35)
28
Evaluate -7 + 0 + (-6 + (13 + -12 - 7) - 12).
-31
Calculate -11 - -31 - -26 - 11.
35
3 - (-14 - (79 + -35 + (-18 - 0)))
43
Calculate 17 - (13 - (16 + -23 + 5)) - 6.
-4
-118 - -120 - (-1 + -72) - (6 + (-9 - -4))
74
What is (-3 + 6 - 15) + (22 + -16 - -2)?
-4
Evaluate -2 + 6 + (2 - 18 - (13 - (15 - 1))).
-11
What is 58 + (92 - 226) - 14?
-90
What is 27 - (45 - 28) - (-7 - -63)?
-46
Evaluate -113 + 258 + -65 - 60.
20
What is -1 + 83 + 2 - (-26 + (35 - -3) + -4)?
76
What is the value of 1234 + -1257 + -2 + 15 + -3?
-13
What is the value of 13 + -15 + -14 + (7 + -12 + -121 - -3)?
-139
Calculate 98 + -65 + -8 + 19 + 21.
65
Evaluate 133 - (-86 - -126 - -7).
86
Calculate -196 - -148 - (11 - 20).
-39
What is the value of 19 + (35 - (46 + -12 + -23))?
43
What is (-1 - 29) + 24 + 9 + -43 + -2?
-42
Evaluate (4 - -3 - 3 - -1) + 11157 + -11171.
-9
What is the value of -1 + -1 - ((15 + -42 - -18) + 55)?
-48
Evaluate (57 - (27 + 34)) + (2 - 66) - (-1 - 8).
-59
Calculate -74 + 50 - (-41 + 5) - -46.
58
(4 - (-2 - (-10 - (-1 + 7)))) + 14 + -3
1
Evaluate 4 + -171 + -3 + 87.
-83
What is (136 - 80) + -18 + -73?
-35
Evaluate 2 - -46 - (104 + -142 - -31 - (0 - 8)).
47
Calculate (-22 + -11 - -28) + 48.
43
(-649 - (499 + -1116)) + (10 - -2) + -1 + 1
-20
What is the value of (-14 - -7 - -2) + 6 + -1 + (-22 - 13)?
-35
What is 147 + -124 + (-10 - -4) + 2 + -5?
14
(3 - 1 - 12) + 19 - (18 + -95)
86
What is the value of (75 - -20) + (266 - 253)?
108
Calculate (-178 - -237) + -49 + 102 + -1.
111
What is the value of 99 + -125 + 77 + -32?
19
(-2 - 56) + (55 - 51 - -17)
-37
57 - 63 - (-7 + 12 + -8 - 12)
9
Evaluate 1 + 1 - -23 - (63 - 128 - -77).
13
Calculate (31 - 2) + -3 + (65 - 79) + -48.
-36
Calculate 18 - ((-6 - (-43 - -12)) + -41).
34
Calculate 27 + -12 + -46 + 29 + 20.
18
Calculate 111 + -144 + (-24 - (-19 + 7)).
-45
90 - (-29 + -11) - (-13 + 47)
96
Evaluate 49 + (37 + -22 - (-3 - -2)).
65
Calculate 29 + -38 + -4 - (1 - (-5 - (3 - 2))).
-20
-569 + 593 + 4 + -7 + -74 + (-2 - 1)
-56
Evaluate -8 + 3 + -3 + -59 + 78 + (2 - 29).
-16
0 - -31 - (208 - (175 - -47))
45
What is the value of 2 + 97 + (0 - 6 - (-335 - -340))?
88
What is (-318 - -212) + 120 + 79 + 2?
95
59 - (2 + 0 - (70 - 56))
71
What is (18 - 14 - -32) + -123 + 22?
-65
What is the value of 3 + -34 - (-172 + 169)?
-28
What is 8 + (-9 + -61 - -27) + -15 + -1?
-51
What is the value of (-128 - (-52 + 20)) + 200?
104
Evaluate (-1 + -2 - (-77 + 81)) + 15.
8
51 - (9 + 2 + -5) - (-31 - -21)
55
-2 + 25 - (-13 - ((-15 - -12) + (-4 - 2)))
27
Calculate -4 - (-63 + (-7 - (-11 + 20 + -1) - -12)).
62
Evaluate (-30 + -8 - (1 - -3)) + 3 + -58 + 51.
-46
Calculate -79 + 0 + (-50 - (-115 - -91)).
-105
Evaluate -21 - (14 - (14 - (-21 - 18))).
18
-153 + 84 + 20 + -68
-117
What is -39 - (19 + (4 - 46 - -33))?
-49
-30 - -53 - (77 - 66)
12
What is the value of 90 + (-1 + 4 - 21) + (150 - 142)?
80
What is the value of -8 - (-9 + (-11 - -17)) - (-1 + 38)?
-42
Evaluate 112 - 122 - (4 - 17) - (2 + (2 - 0)).
-1
What is the value of 12 + (-26 - 11) - -12?
-13
(-13 - (6 + -11 - 8 - 13)) + 20
33
What is the value of (10 - 22) + -10 - (22 + -16 + 66)?
-94
Calculate (-17 - -9) + (-5 - (-14 - (10 + -15))) + -54.
-58
Calculate -2 + 87 - (40 + (-21 - 42) - -12).
96
What is -23 + -1 + -7 + (42 - 26)?
-15
What is 95 - (143 + -24) - (-1 - -42)?
-65
Calculate 120 - (120 + -98) - 20.
78
Evaluate -11 + (-22 - -21) + -46 - -13.
-45
What is the value of (-38 - -25 - 51) + (-3 + 4 - 0 - 12)?
-75
Calculate 24 + -51 + 6 + (-1 - -2).
-20
Calculate (-14 + 30 + 14 - (2 - -6)) + 10 + 10.
42
2588 + -2564 - (-13 + (1 - 2))
38
What is the value of (11 - -8 - 29) + -22 + -7?
-39
What is 1 - ((-82 - -67 - (-4 + -1)) + 11)?
0
What is 5 + -10 + 23 + -9 - (44 - 0)?
-35
What is 15 + -1 + -63 - -19 - 1?
-31
-693 + 712 - ((111 - 6) + 2)
-88
What is 2 - (-6 + 8 + -6) - (25 + -11 + 5)?
-13
What is the value of -7 + -1 + -1 + 0 + 344 + -372 + 1?
-36
-1565 + 1552 + (0 - -134) - ((0 - -2) + -10)
129
-75 - (-43 - (31 + -47))
-48
What is the value of 0 - -20 - (5 - -2) - (38 + 29)?
-54
-71 + 34 + -17 + 67
13
What is the value of (-9 + 7 - 1) + -28 - (2 - (16 - 4))?
-21
Evaluate 10 + (-1 - 1 - -10) + (-10 - -43) + 9.
60
What is -14 + 0 + -38 + (24 - -1 - 12)?
-39
What is the value of (16 - 171 - -127) + (-2 - 1)?
-31
11 + -5 - (21 - (-48 + 40))
-23
Evaluate -9 + ((-17 - -28) + -25 - -27).
4
Evaluate (2 - -5) + -39 + 32 - 115 - (5 - -9).
-129
Evaluate -10 - (-24 - -23 - -14).
-23
Evaluate (1 - 4) + (-30 + -16 - 0) + -2 + 3.
-48
(8 - (8 - 0)) + 21 + -17 + -29
-25
-73 + (-130 - (8 - 110))
-101
What is 9 + (-12 - -16 - (12 + -14) - (2 + 52))?
-39
What is 25 - (-27 + (-13 - -64)) - (2 - -27)?
-28
Calculate -1 + (3 - 142) - (-19 - 4 - (-153 - -142)).
-128
-421 + 405 - (-4 + 3 + -31)
16
Evaluate (-59 - 49) + 94 - 61.
-75
Calculate -21 + -24 - -52 - 34.
-27
What is the value of -11 - (13 + -128 + (6 - 14) + (-1 - -3))?
110
What is the value of (-2 - -10) + 22 + (-20 - (23 + -34))?
21
Evaluate (-88 + 27 - -31) + -5 + (1 - -1) + -9.
-42
What is the value of (3 + 1 - 21) + -6 - -17?
-6
What is the value of -5 - (59 + 54 + -19 + -10)?
-89
Calculate 43 + (-14 + -84 - -5) + 9 + -3 + 0.
-44
(3 + (-1 - -5 - 10) - (165 - 168)) + 29
29
What is -172 + 34 + 41 - -35?
-62
Calculate 0 + (-1 - 6) + 82 + -33 + -58.
-16
Calculate 481 + -561 - (5 + -69).
-16
24 + (23 - (-76 + 66))
57
(11 - -3 - -13) + -1 + -92
-66
Evaluate (16 + 60 - 4) + -1 + (-7 - 7).
57
-13 + 118 + (18 - 4) + 0 + -4
115
6 - -18 - 6 - ((0 - 1) + -10)
29
11 + -12 + (17 - 2) + -4
10
Calculate 170 + -220 - (-1 + 27).
-76
Evaluate -30 + (65 - (-15 - -13)) + -13.
24
Calculate -6 - (13 - (-18 + -1 - (4 - 16))).
-26
Evaluate 4 + (-1 + -81 - (-8 + 2)) + 1 + 4.
-67
Calculate -24 - (-28 + 16 + 36) - -28.
-20
What is -15 + 0 - (-16 - 6) - (2 + (-7 - 1))?
13
Evaluate -2 - ((-10 - (-12 + -5 - -9)) + -38).
38
What is the value of 5 + (-10 + 14 - 5 - (17 - -13))?
-26
What is -4 + -1 + 1 - ((19 - 3) + -19 - 47)?
46
(31 - (-1 + 1)) + 1 - (155 - -41 - 201)
37
Calculate (212 - 255) + (-7 - -7).
-43
What is the value of 8 + 10 + -12 - (-5 + -15)?
26
Evaluate 1 + -41 + (65 - (-28 + 77)).
-24
Calculate -4 + -43 - (2 - 2 - 4) - (21 + -26).
-38
Evaluate -1 + -4 + (-28 - -11 - (-2 + -22)) + 2.
4
79 + -2 + (1166 - 1211)
32
Calculate -14 - (99 + -3 - (62 + -66 - (-1 + -17))).
-96
What is the value of -14 - -40 - (1 + -9 + -23)?
57
61 + (33 - -15 - 54)
55
What is (3 - 19) + 14 + (-11 - 4) + 31?
14
-13 + (31 + 0 - (-43 + 25 - -32))
4
Calculate (15 - 22) + (7 - ((2 - 10) + 9)) + 10.
9
What is 88 + -54 + 21 + -104?
-49
Evaluate (41 - 11) + (-3 - 10) + -3.
14
What is the value of (-36 - -66) + 57 - 49?
38
Evaluate 4 + 8 - (-16 - (13 - (16 - 16))).
41
150 - (1 + 63 + -5 + -22)
113
Evaluate -45 + ((52 - 57) + 2 + -1 - -12).
-37
What is 15 - (-30 + (112 - 46))?
-21
Evaluate -12 - ((0 - 1) + -1 - (-1522 - -1487)).
-45
What is the value of -10 - (3 + -3) - (20 - (9 + 19) - 60)?
58
What is 2 + (5 + -6 - (-17 - -14 - 7)) + 62?
73
Calculate -17 + 41 + -45 + -1 - (4 + -3).
-23
What is the value of -94 + (48 - 16) - -52?
-10
Calculate (79 - (138 + -11)) + 97.
49
What is the value of -24 - (2 + -1 + 12 + (-104 - -86))?
-19
What is (0 - -19) + -2 + 8 + 7 + -9 + -11?
12
Evaluate 38 + -34 - (8 + (33 + 5 - -3) - -7).
-52
What is the value of 9 + (-4 - -6 - (18 - (3 + 9))) + -90?
-85
Calculate -30 - (-52 + 50 + -33).
5
-24 - (-15 + -3 - -39)
-45
What is -13 + (410 + -423 - (-1 - 0 - 2))?
-23
What is 9 - (12 - -15 - (-106 - -21))?
-103
(-30 - (51 + -17 + -48)) + (0 - -109)
93
160 + (-83 - -85) + -87
75
Evaluate -188 + (-26 - 68 - -200).
-82
(1531 - 1554) + (2 - 7) + -13 + -16
-57
Evaluate 0 + (0 - (-4 + -1 - (-8 - -17))).
14
What is the value of -14 + 15 + 29 + -25 + 10 + 1 + 2?
18
What is the value of (2 - -44) + -57 + 16 - (50 + 0)?
-45
Evaluate (40 - 46) + 23 + -25 + 0.
-8
4 - 31 - (-3 - -2) - (-197 + 67 - -127)
-23
What is the value of -49 + 37 + 46 + -17?
17
Calculate (-5 - (-8 + (0 - 64))) + (2 - (-9 + 7)).
71
What is the value of -32 + 3 + (13 - (-1 + 1 + 1))?
-17
-12 - ((-17 - -9) + -2) - 9
-11
Calculate -5 - (-49 